n base 12, what is -170 - 27?
-197
In base 16, what is 0 + -d?
-d
In base 4, what is 20 + -30131?
-30111
In base 11, what is -25 - 16?
-40
In base 8, what is 34 - -102?
136
In base 14, what is 2c6 + 2?
2c8
In base 9, what is -1 + -6?
-7
In base 12, what is 0 - 268b?
-268b
In base 7, what is -1114 - 2?
-1116
In base 11, what is 2 + 2a6?
2a8
In base 14, what is 5 - 308?
-303
In base 9, what is 6 + 604?
611
In base 2, what is -100001100 + -1111?
-100011011
In base 9, what is 4 + -205?
-201
In base 14, what is -23 + -21?
-44
In base 4, what is -113 - -1021?
302
In base 10, what is -84 + 34?
-50
In base 5, what is 1 + -14434?
-14433
In base 12, what is 17 - b3?
-98
In base 10, what is -32 + -11?
-43
In base 8, what is 104 + -3?
101
In base 9, what is -12 + 84?
72
In base 9, what is 46 + 126?
173
In base 11, what is 27a + 1?
280
In base 15, what is 49 + -3?
46
In base 11, what is 0 + -a75?
-a75
In base 12, what is -2 + -34?
-36
In base 13, what is -98a4 - 3?
-98a7
In base 13, what is 1 + -214?
-213
In base 4, what is 10 + 110333?
111003
In base 3, what is 0 - -202022?
202022
In base 8, what is -5130 + 2?
-5126
In base 15, what is 52c - 2?
52a
In base 5, what is 10 - 0?
10
In base 3, what is -11 + -100020?
-100101
In base 2, what is -100 - 10101?
-11001
In base 14, what is 4 + -4b1?
-4ab
In base 14, what is 7 + -d?
-6
In base 2, what is 1111101 - -100?
10000001
In base 15, what is d17 + -2?
d15
In base 6, what is -2 + 34431?
34425
In base 8, what is 35 - -6?
43
In base 14, what is -5 - 19b?
-1a2
In base 13, what is 33 - 8a?
-57
In base 14, what is 2 - 4a5?
-4a3
In base 7, what is 2 - 150?
-145
In base 13, what is 342 + -10?
332
In base 16, what is -8 - -34?
2c
In base 5, what is -10 - 2313?
-2323
In base 15, what is 2 + 11?
13
In base 15, what is -1140 - 3?
-1143
In base 2, what is 101 + 1100110?
1101011
In base 12, what is -1 - 103?
-104
In base 12, what is 2 - -129?
12b
In base 15, what is -2a9 + 1?
-2a8
In base 12, what is -6 - 6?
-10
In base 15, what is -6b + -2?
-6d
In base 16, what is 9 + -23?
-1a
In base 9, what is -3 - 1731?
-1734
In base 8, what is 4 + -573?
-567
In base 2, what is 100111 - 111?
100000
In base 5, what is 1041014 + 10?
1041024
In base 16, what is 572 - 1?
571
In base 14, what is 0 + 113d?
113d
In base 5, what is -21 + 14011?
13440
In base 14, what is -2 + 127?
125
In base 10, what is -3580 - 5?
-3585
In base 3, what is 11110 + -201?
10202
In base 8, what is -24 - -31?
5
In base 6, what is 1 + 15300?
15301
In base 8, what is -5 - -27?
22
In base 6, what is 1525 - -3?
1532
In base 6, what is -545 - -12?
-533
In base 10, what is 62 - -17?
79
In base 10, what is -18515 - 3?
-18518
In base 9, what is 5 - 12?
-6
In base 12, what is -7ba - 4?
-802
In base 2, what is 11110111110010 + -100?
11110111101110
In base 7, what is 51 + -4?
44
In base 4, what is -10 - -102?
32
In base 16, what is -54 - 1?
-55
In base 6, what is 242 + 241?
523
In base 16, what is 72d + -2?
72b
In base 8, what is 42 + -55?
-13
In base 4, what is 1 - 232?
-231
In base 5, what is -31 + -14?
-100
In base 7, what is -423 + -146?
-602
In base 4, what is 2300 - 1132?
1102
In base 4, what is -3311 - 2?
-3313
In base 11, what is 0 - -1251?
1251
In base 12, what is -70 + 5?
-67
In base 10, what is -3311 + 4?
-3307
In base 3, what is -2022 + -1111?
-10210
In base 12, what is 140 + -1?
13b
In base 5, what is 1310 + 1?
1311
In base 5, what is 2 + -1133?
-1131
In base 10, what is 0 - 522?
-522
In base 15, what is -41c - 2?
-41e
In base 2, what is 101011011000 + 0?
101011011000
In base 9, what is -3 + -13?
-16
In base 16, what is -81 - -3?
-7e
In base 13, what is 5169 + 5?
5171
In base 14, what is 5 + -96?
-91
In base 7, what is -362 + 5?
-354
In base 16, what is 0 - 1eb?
-1eb
In base 9, what is 202 + 12?
214
In base 13, what is 9 - 3?
6
In base 9, what is -108 - -5?
-103
In base 8, what is -2763 - -3?
-2760
In base 14, what is 25 + -2a?
-5
In base 4, what is 22213 - -21?
22300
In base 10, what is 7 + 2836?
2843
In base 10, what is -1734 - -2?
-1732
In base 5, what is 22 - 242?
-220
In base 12, what is 72 + -5?
69
In base 12, what is -36b9 - -4?
-36b5
In base 14, what is -16 - 2?
-18
In base 10, what is 278 + 0?
278
In base 2, what is -100110000 + -11?
-100110011
In base 4, what is 332 + -1?
331
In base 4, what is -30 + 21312?
21222
In base 12, what is 0 + -20?
-20
In base 4, what is -3 + 1122?
1113
In base 5, what is 2 + 1243?
1300
In base 4, what is -2 - -301?
233
In base 6, what is -30351 - -1?
-30350
In base 12, what is -4603 + 1?
-4602
In base 3, what is -11 - 20220?
-21001
In base 4, what is 2 + -13022?
-13020
In base 2, what is -111000010 + -111?
-111001001
In base 15, what is 71 + 5?
76
In base 13, what is -1c4c - 6?
-1c55
In base 6, what is 4 + 2045?
2053
In base 2, what is 1100 + 10010?
11110
In base 5, what is -21 + -300?
-321
In base 16, what is 7 + -15?
-e
In base 12, what is a6 + 3?
a9
In base 10, what is -134 - 66?
-200
In base 13, what is -106 - -4?
-102
In base 13, what is 32 - 2b?
4
In base 12, what is 4 + 14b?
153
In base 7, what is 112 + -2?
110
In base 12, what is 329 + 13?
340
In base 9, what is 2152 + -10?
2142
In base 15, what is 309 + a?
314
In base 11, what is 148 - -46?
193
In base 3, what is -1 + 22?
21
In base 2, what is 10 - 10111?
-10101
In base 7, what is 2 + -1?
1
In base 14, what is 46 + 1a?
62
In base 15, what is 1 - 18?
-17
In base 6, what is -200 - -4?
-152
In base 11, what is 7 - 396?
-38a
In base 7, what is -50 - 44?
-124
In base 15, what is 13d - -3?
141
In base 13, what is 29 + 4?
30
In base 6, what is 1504 + -4?
1500
In base 13, what is -88a - 0?
-88a
In base 14, what is -12 + -a8?
-ba
In base 12, what is 104a + 2?
1050
In base 4, what is 3302120 - -1?
3302121
In base 11, what is 10a97 - 0?
10a97
In base 15, what is -3 - -47?
44
In base 12, what is -3 - -4a?
47
In base 13, what is 4 - -1cc?
203
In base 9, what is 187 - 3?
184
In base 3, what is 2101 - -10?
2111
In base 12, what is -16b7 + -3?
-16ba
In base 4, what is -2320 + -11?
-2331
In base 16, what is 1e4 - 2?
1e2
In base 10, what is -4 - 245?
-249
In base 13, what is -52 + -47?
-99
In base 7, what is 2 + 110?
112
In base 13, what is -3 - 45c?
-462
In base 12, what is 5 - 26?
-21
In base 14, what is -5 - acc?
-ad3
In base 15, what is -170 - 3?
-173
In base 4, what is -1 - -12?
11
In base 14, what is -1 + 2?
1
In base 4, what is 102320120 + -2?
102320112
In base 7, what is -13642 - 4?
-13646
In base 8, what is -2 + 252?
250
In base 7, what is 30 + -33?
-3
In base 15, what is 35 - -1?
36
In base 9, what is 14 - 10?
4
In base 15, what is -8 - ed?
-106
In base 14, what is 160 + 3?
163
In base 16, what is 2dd + 0?
2dd
In base 10, what is 2 + -63?
-61
In base 16, what is -22 + 1?
-21
In base 7, what is 30 - 3?
24
In base 8, what is -14 + -167?
-203
In base 15, what is 5c + -5?
57
In base 4, what is 221120 + 1?
221121
In base 11, what is -4 + 92?
89
In base 7, what is 1 - -2443?
2444
In base 7, what is -31 - 15?
-46
In base 9, what is 2 - 141?
-138
In base 11, what is 5 + 14?
19
In base 9, what is -13 - -13?
0
In base 6, what is -40 + -3?
-43
In base 6, what is -1 - -40?
35
In base 9, what is 364 - -4?
368
In base 9, what is -476 - -8?
-467
In base 5, what is 4 + 23212?
23221
In base 10, what is -3 + -37?
-40
In base 16, what is -cd - -2?
-cb
In base 13, what is -8 + -193?
-19b
In base 7, what is 2 - -650?
652
In base 9, what is -1 - -41?
40
In base 13, what is -28 + 7?
-21
In base 9, what is -51 + 77?
26
In base 13, what is 2 - ab1?
-aac
In base 4, what is 0 + -22?
-22
In base 3, what is 122100100 + -2?
122100021
In base 13, what is 3 - 26b9?
-26b6
In base 15, what is -1 - 491?
-492
In base 13, what is -4 + 39?
35
In base 4, what is -10122 - -33?
-10023
In base 15, what is -16 + -2?
-18
In base 6, what is 3 + 121?
124
In base 5, what is -42 + -4?
-101
In base 12, what is -8 + 46?
3a
In base 7, what is 4 - -11054?
11061
In base 5, what is 43343 - -2?
43400
In base 2, what is -11 - 10000001?
-10000100
In base 9, what is 13 - -57?
71
In base 5, what is -3 + 112?
104
In base 6, what is 5 - -1042?
1051
In base 5, what is 302 + -23?
224
In base 5, what is 134 - -10?
144
In base 13, what is -ba + -a?
-c7
In base 7, what is 1 - 1?
0
In base 5, what is -10 + -42?
-102
In base 9, what is 2 